 6) in base 12?
-79
-42 (base 16) to base 4
-1002
Convert 0 (base 2) to base 13.
0
What is -93 (base 10) in base 6?
-233
-12 (base 5) to base 16
-7
Convert 11 (base 4) to base 7.
5
-23 (base 11) to base 12
-21
Convert -1 (base 3) to base 9.
-1
What is 11 (base 4) in base 12?
5
Convert -25 (base 11) to base 14.
-1d
What is -12 (base 11) in base 5?
-23
5 (base 7) to base 12
5
What is 19 (base 15) in base 5?
44
Convert 111 (base 2) to base 9.
7
15 (base 8) to base 13
10
-2b (base 12) to base 13
-29
Convert -1 (base 14) to base 6.
-1
What is 16 (base 12) in base 15?
13
Convert -11101 (base 2) to base 15.
-1e
4 (base 13) to base 6
4
9d (base 14) to base 13
a9
-2 (base 12) to base 11
-2
Convert -10 (base 2) to base 9.
-2
Convert 5 (base 14) to base 13.
5
What is 343 (base 6) in base 10?
135
What is -151 (base 8) in base 11?
-96
Convert -121 (base 7) to base 9.
-71
What is 271 (base 8) in base 12?
135
What is 5 (base 12) in base 9?
5
What is 3 (base 14) in base 9?
3
-1 (base 4) to base 3
-1
What is a (base 16) in base 5?
20
What is 113 (base 7) in base 4?
323
18 (base 12) to base 16
14
What is -9b (base 16) in base 5?
-1110
What is -10122 (base 3) in base 15?
-68
-2 (base 15) to base 2
-10
What is 1 (base 3) in base 10?
1
What is 1324 (base 5) in base 11?
185
What is -2 (base 6) in base 16?
-2
What is 13 (base 9) in base 5?
22
What is 11c (base 14) in base 7?
435
Convert 26 (base 7) to base 3.
202
Convert -3 (base 7) to base 16.
-3
What is -17 (base 11) in base 14?
-14
What is 23 (base 5) in base 14?
d
Convert 0 (base 4) to base 9.
0
303 (base 11) to base 14
1c2
-7 (base 15) to base 5
-12
What is a6 (base 14) in base 4?
2102
What is 0 (base 3) in base 10?
0
What is -113 (base 9) in base 16?
-5d
Convert 0 (base 8) to base 2.
0
1 (base 5) to base 6
1
37 (base 14) to base 15
34
4 (base 12) to base 10
4
67 (base 14) to base 13
70
-233 (base 10) to base 13
-14c
What is -2 (base 9) in base 2?
-10
Convert 2 (base 5) to base 12.
2
-51 (base 14) to base 12
-5b
Convert -1 (base 15) to base 5.
-1
-11100 (base 2) to base 12
-24
Convert -9 (base 13) to base 12.
-9
-10 (base 4) to base 5
-4
4 (base 7) to base 2
100
What is -20 (base 6) in base 4?
-30
Convert 110 (base 4) to base 16.
14
What is 10 (base 5) in base 2?
101
Convert -139 (base 15) to base 12.
-1b3
Convert -d (base 14) to base 2.
-1101
What is 10 (base 12) in base 15?
c
Convert 0 (base 14) to base 12.
0
-102 (base 3) to base 14
-b
What is 1 (base 2) in base 14?
1
-2 (base 5) to base 13
-2
-1110 (base 4) to base 14
-60
What is 0 (base 13) in base 15?
0
What is 22 (base 13) in base 8?
34
What is 100 (base 2) in base 12?
4
Convert -101 (base 10) to base 6.
-245
What is 2 (base 16) in base 14?
2
14 (base 11) to base 2
1111
-2 (base 16) to base 7
-2
-19 (base 12) to base 11
-1a
12 (base 5) to base 6
11
What is -1222 (base 4) in base 7?
-211
Convert -10 (base 10) to base 14.
-a
Convert -135 (base 14) to base 7.
-465
-17b (base 13) to base 15
-131
-204 (base 5) to base 6
-130
-8 (base 13) to base 3
-22
0 (base 3) to base 14
0
Convert -c9 (base 13) to base 3.
-20010
Convert -1 (base 14) to base 10.
-1
What is 3 (base 8) in base 5?
3
What is 0 (base 9) in base 3?
0
-74 (base 8) to base 14
-44
What is -311 (base 4) in base 12?
-45
Convert -22 (base 7) to base 6.
-24
What is 124 (base 8) in base 7?
150
-2 (base 16) to base 13
-2
-1010 (base 2) to base 7
-13
Convert 202 (base 4) to base 14.
26
What is -11000111 (base 2) in base 15?
-d4
What is 0 (base 4) in base 11?
0
Convert -3 (base 13) to base 5.
-3
What is -4 (base 13) in base 10?
-4
-109 (base 12) to base 3
-12200
What is -20 (base 9) in base 14?
-14
-75 (base 12) to base 8
-131
Convert 20 (base 8) to base 13.
13
13 (base 16) to base 13
16
Convert -22 (base 14) to base 5.
-110
Convert -191 (base 10) to base 2.
-10111111
Convert 119 (base 11) to base 5.
1031
Convert -7 (base 12) to base 16.
-7
What is 1011110 (base 2) in base 6?
234
2 (base 9) to base 3
2
10220 (base 3) to base 16
69
What is 63 (base 12) in base 6?
203
-4 (base 9) to base 11
-4
What is 12 (base 4) in base 7?
6
1b (base 13) to base 8
30
-123 (base 7) to base 2
-1000010
Convert -61 (base 9) to base 15.
-3a
Convert 231 (base 6) to base 11.
83
What is 24 (base 10) in base 8?
30
What is 166 (base 7) in base 2?
1100001
Convert 1010000 (base 2) to base 11.
73
Convert 4 (base 6) to base 16.
4
-1 (base 12) to base 2
-1
Convert 3 (base 4) to base 5.
3
Convert -5 (base 7) to base 12.
-5
-11 (base 9) to base 10
-10
Convert 102 (base 6) to base 13.
2c
101001 (base 2) to base 8
51
Convert 101 (base 2) to base 14.
5
Convert -48 (base 15) to base 14.
-4c
Convert 2 (base 4) to base 11.
2
Convert 2 (base 12) to base 13.
2
Convert -12 (base 14) to base 11.
-15
-10 (base 5) to base 3
-12
What is 101 (base 4) in base 3?
122
Convert 1a (base 12) to base 3.
211
13 (base 5) to base 15
8
What is -17 (base 10) in base 15?
-12
-2 (base 3) to base 12
-2
2b (base 16) to base 5
133
What is -326 (base 7) in base 6?
-435
Convert -3 (base 13) to base 11.
-3
Convert 1b (base 14) to base 15.
1a
Convert aa (base 16) to base 5.
1140
What is -2 (base 10) in base 4?
-2
Convert 3 (base 9) to base 3.
10
Convert -117 (base 12) to base 15.
-ad
Convert 121 (base 3) to base 13.
13
-20202 (base 3) to base 13
-110
-7 (base 14) to base 4
-13
What is 3 (base 16) in base 5?
3
-12 (base 11) to base 13
-10
What is -14 (base 5) in base 10?
-9
Convert -334 (base 10) to base 11.
-284
-1211 (base 4) to base 8
-145
Convert 8 (base 14) to base 10.
8
Convert -183 (base 10) to base 4.
-2313
What is -1030 (base 6) in base 7?
-453
What is -5 (base 10) in base 13?
-5
1010010 (base 2) to base 15
57
Convert 11 (base 6) to base 10.
7
-101 (base 2) to base 3
-12
-29 (base 14) to base 2
-100101
What is 27 (base 9) in base 8?
31
Convert -14 (base 15) to base 6.
-31
Convert 456 (base 9) to base 3.
111220
Convert -11 (base 16) to base 3.
-122
What is -133 (base 10) in base 13?
-a3
What is -5 (base 10) in base 3?
-12
What is a (base 16) in base 8?
12
3 (base 9) to base 7
3
What is -110 (base 11) in base 12?
-b0
What is 2 (base 4) in base 8?
2
-49 (base 12) to base 5
-212
Convert 4 (base 6) to base 11.
4
Convert -3 (base 7) to base 13.
-3
-111 (base 2) to base 6
-11
Convert 32 (base 13) to base 12.
35
What is -1100110 (base 2) in base 4?
-1212
What is -311 (base 9) in base 5?
-2003
-6 (base 11) to base 3
-20
What is 4 (base 15) in base 3?
11
45 (base 12) to base 7
104
What is -15 (base 10) in base 7?
-21
Convert 1000010 (base 2) to base 7.
123
Convert 6 (base 14) to base 7.
6
What is -2221 (base 3) in base 7?
-142
3 (base 10) to base 4
3
6d (base 14) to base 3
10121
Convert 7d (base 15) to base 9.
141
13 (base 5) to base 14
8
Convert -11 (base 14) to base 10.
-15
1010 (base 3) to base 2
11110
-3 (base 8) to base 13
-3
Convert -158 (base 9) to base 12.
-b2
What is 155 (base 9) in base 6?
335
9 (base 10) to base 5
14
1 (base 15) to base 8
1
Convert 3 (base 12) to base 8.
3
What is 21 (base 11) in base 6?
35
-302 (base 7) to base 16
-95
-123 (base 7) to base 6
-150
25 (base 10) to base 3
221
Convert 2 (base 5) to base 13.
2
-10220 (base 4) to base 16
-128
-2 (base 4) to base 14
-2
What is -9 (base 14) in base 4?
-21
4 (base 11) to base 7
4
What is -16 (base 11) in base 16?
-11
Convert 1111 (base 4) to base 15.
5a
111 (base 7) to base 2
111001
-1 (base 10) to base 4
-1
129 (base 13) to base 9
246
What is 7 (base 8) in base 3?
21
-3 (base 11) to base 3
-10
Convert -24 (base 12) to base 13.
-22
2 (base 12) to base 2
10
What is -3 (base 12) in base 8?
-3
Convert -1 (base 3) to base 12.
-1
Convert d (base 16) to base 10.
13
What is -77 (base 10) in base 9?
-85
Convert 1225 (base 6) to base 15.
155
Convert 19 (base 12) to base 10.
21
Convert 23 (base 15) to base 16.
21
Convert 20 (base 5) to base 13.
a
What is -11 (base 7) in base 8?
-10
Convert 49 (base 14) to base 11.
5a
What is f (base 16) in base 2?
1111
2 (base 13) to base 6
2
What is 3 (base 9) in base 15?
3
What is 17 (base 16) in base 12?
1b
-20022 (base 3) to base 9
-208
What is -175 (base 15) in base 13?
-1ca
What is -2 (base 7) in base 4?
-2
110 (base 2) to base 10
6
16 (base 10) to base 6
24
What is -29 (base 12) in base 9?
-36
What is 8 (base 15) in base 12?
8
Convert 11 (base 3) to base 14.
4
What is 9 (ba